is the millions digit of 17148384?
7
What is the units digit of 9750379?
9
What is the hundreds digit of 95036?
0
What is the ten thousands digit of 1891594?
9
What is the tens digit of 70676?
7
What is the thousands digit of 476055?
6
What is the tens digit of 4421045?
4
What is the units digit of 6205?
5
What is the hundred thousands digit of 532613?
5
What is the ten thousands digit of 84393?
8
What is the units digit of 193682?
2
What is the millions digit of 9315866?
9
What is the thousands digit of 1897561?
7
What is the tens digit of 1691768?
6
What is the thousands digit of 7679202?
9
What is the hundred thousands digit of 255265?
2
What is the tens digit of 1195887?
8
What is the millions digit of 16540478?
6
What is the units digit of 236097?
7
What is the thousands digit of 2948647?
8
What is the ten millions digit of 20322859?
2
What is the tens digit of 41015?
1
What is the units digit of 173015?
5
What is the millions digit of 1236728?
1
What is the ten thousands digit of 6939410?
3
What is the ten millions digit of 11970860?
1
What is the ten thousands digit of 3197328?
9
What is the tens digit of 2552114?
1
What is the hundred thousands digit of 2473466?
4
What is the units digit of 786215?
5
What is the hundreds digit of 1578922?
9
What is the thousands digit of 33098068?
8
What is the ten millions digit of 17609058?
1
What is the hundred thousands digit of 6489790?
4
What is the ten thousands digit of 53354?
5
What is the thousands digit of 4697722?
7
What is the units digit of 131585?
5
What is the tens digit of 1153434?
3
What is the ten thousands digit of 1353270?
5
What is the units digit of 373426?
6
What is the ten thousands digit of 17317942?
1
What is the ten thousands digit of 267298?
6
What is the hundred thousands digit of 604666?
6
What is the ten thousands digit of 964163?
6
What is the hundred thousands digit of 139794?
1
What is the tens digit of 790539?
3
What is the ten thousands digit of 113872?
1
What is the tens digit of 6580943?
4
What is the tens digit of 11120473?
7
What is the hundreds digit of 131146?
1
What is the thousands digit of 6555036?
5
What is the hundreds digit of 852204?
2
What is the ten millions digit of 15880747?
1
What is the ten thousands digit of 180518?
8
What is the ten thousands digit of 550970?
5
What is the hundred thousands digit of 427931?
4
What is the ten thousands digit of 155700?
5
What is the tens digit of 313048?
4
What is the tens digit of 192719?
1
What is the tens digit of 28898?
9
What is the tens digit of 3430182?
8
What is the units digit of 436173?
3
What is the ten thousands digit of 473596?
7
What is the ten thousands digit of 20323775?
2
What is the units digit of 28813?
3
What is the hundreds digit of 12581633?
6
What is the hundreds digit of 440659?
6
What is the ten millions digit of 43338865?
4
What is the units digit of 4002594?
4
What is the hundred thousands digit of 117777?
1
What is the ten thousands digit of 3927413?
2
What is the tens digit of 1116783?
8
What is the hundreds digit of 3512100?
1
What is the millions digit of 4292257?
4
What is the hundred thousands digit of 11565976?
5
What is the thousands digit of 232330?
2
What is the units digit of 9227369?
9
What is the thousands digit of 257326?
7
What is the hundreds digit of 2029135?
1
What is the units digit of 26246?
6
What is the units digit of 541156?
6
What is the hundreds digit of 6544551?
5
What is the tens digit of 15220066?
6
What is the thousands digit of 308961?
8
What is the units digit of 316450?
0
What is the ten millions digit of 22976931?
2
What is the thousands digit of 709434?
9
What is the ten thousands digit of 5784084?
8
What is the tens digit of 520018?
1
What is the thousands digit of 3674565?
4
What is the ten thousands digit of 1577340?
7
What is the hundreds digit of 6376161?
1
What is the hundreds digit of 26824?
8
What is the hundred thousands digit of 803887?
8
What is the hundreds digit of 151772?
7
What is the hundreds digit of 8582462?
4
What is the tens digit of 418135?
3
What is the hundred thousands digit of 4490187?
4
What is the units digit of 784488?
8
What is the ten thousands digit of 1087713?
8
What is the millions digit of 10593415?
0
What is the tens digit of 1632722?
2
What is the units digit of 54924?
4
What is the ten thousands digit of 13059214?
5
What is the units digit of 204838?
8
What is the hundreds digit of 654397?
3
What is the units digit of 2468888?
8
What is the thousands digit of 1443128?
3
What is the tens digit of 974743?
4
What is the hundred thousands digit of 1478501?
4
What is the units digit of 1385756?
6
What is the hundreds digit of 727288?
2
What is the thousands digit of 3251775?
1
What is the units digit of 4146960?
0
What is the units digit of 177698?
8
What is the thousands digit of 21190?
1
What is the hundreds digit of 1477473?
4
What is the hundred thousands digit of 3656173?
6
What is the tens digit of 25635137?
3
What is the hundred thousands digit of 846664?
8
What is the hundred thousands digit of 1156741?
1
What is the hundreds digit of 16204825?
8
What is the hundreds digit of 3033746?
7
What is the thousands digit of 406920?
6
What is the ten thousands digit of 3089198?
8
What is the ten thousands digit of 2717574?
1
What is the units digit of 1282941?
1
What is the units digit of 446?
6
What is the units digit of 5372921?
1
What is the thousands digit of 1879695?
9
What is the tens digit of 21137413?
1
What is the tens digit of 1017276?
7
What is the thousands digit of 3124418?
4
What is the units digit of 4862107?
7
What is the ten thousands digit of 3191563?
9
What is the ten thousands digit of 5387659?
8
What is the hundreds digit of 267682?
6
What is the tens digit of 400619?
1
What is the ten millions digit of 13396572?
1
What is the hundred thousands digit of 1110488?
1
What is the tens digit of 8118442?
4
What is the hundreds digit of 1442989?
9
What is the hundred thousands digit of 222436?
2
What is the ten thousands digit of 17187725?
8
What is the hundreds digit of 18733557?
5
What is the thousands digit of 1308189?
8
What is the tens digit of 1557613?
1
What is the units digit of 9023175?
5
What is the units digit of 493934?
4
What is the hundred thousands digit of 14054556?
0
What is the millions digit of 1566324?
1
What is the hundred thousands digit of 1548242?
5
What is the thousands digit of 662227?
2
What is the units digit of 6026689?
9
What is the ten thousands digit of 14811?
1
What is the tens digit of 464321?
2
What is the thousands digit of 1082527?
2
What is the hundred thousands digit of 1452794?
4
What is the units digit of 410242?
2
What is the units digit of 911826?
6
What is the hundreds digit of 284764?
7
What is the tens digit of 387607?
0
What is the hundreds digit of 339854?
8
What is the ten thousands digit of 1737735?
3
What is the millions digit of 10020210?
0
What is the units digit of 3027195?
5
What is the thousands digit of 14012984?
2
What is the hundreds digit of 160747?
7
What is the hundred thousands digit of 12402382?
4
What is the units digit of 672487?
7
What is the hundreds digit of 68798?
7
What is the hundred thousands digit of 564651?
5
What is the units digit of 421390?
0
What is the tens digit of 667814?
1
What is the units digit of 5474234?
4
What is the tens digit of 2603926?
2
What is the units digit of 13568197?
7
What is the hundreds digit of 4246220?
2
What is the units digit of 871227?
7
What is the thousands digit of 508376?
8
What is the hundreds digit of 714295?
2
What is the hundred thousands digit of 815289?
8
What is the ten thousands digit of 2905792?
0
What is the ten thousands digit of 3757339?
5
What is the thousands digit of 1989179?
9
What is the units digit of 299526?
6
What is the thousands digit of 332359?
2
What is the hundred thousands digit of 10994852?
9
What is the hundreds digit of 336767?
7
What is the tens digit of 334930?
3
What is the ten thousands digit of 1105593?
0
What is the tens digit of 8903381?
8
What is the ten thousands digit of 389543?
8
What is the ten thousands digit of 10823823?
2
What is the thousands digit of 13663?
3
What is the ten millions digit of 15311505?
1
What is the thousands digit of 336525?
6
What